27 prime?
False
Is 89949 composite?
True
Is 84583 a composite number?
True
Is 149681 composite?
True
Is 294157 a composite number?
False
Is 8691 prime?
False
Is 75833 a composite number?
False
Is 2064613 composite?
True
Is 186893 prime?
False
Is 1115 a prime number?
False
Is 938183 composite?
False
Is 1643435 a composite number?
True
Is 36451 prime?
True
Is 35233 a composite number?
True
Is 288446 composite?
True
Is 83431 a prime number?
True
Is 246187 composite?
False
Is 858449 composite?
True
Is 188563 a composite number?
False
Is 10483 a composite number?
True
Is 325379 a composite number?
False
Is 20803 composite?
True
Is 50943 a prime number?
False
Is 1189 composite?
True
Is 97771 a composite number?
False
Is 5631 prime?
False
Is 57481 composite?
True
Is 15947 a prime number?
False
Is 117187 a prime number?
False
Is 1799 a composite number?
True
Is 1204067 a prime number?
False
Is 3841 composite?
True
Is 40477 a composite number?
True
Is 839351 composite?
False
Is 7778 a prime number?
False
Is 1016641 composite?
False
Is 78779 composite?
False
Is 193877 a prime number?
True
Is 12273 a composite number?
True
Is 328487 composite?
True
Is 103081 composite?
True
Is 12077 composite?
True
Is 20317 a composite number?
True
Is 821897 a composite number?
False
Is 19547 prime?
False
Is 15187 prime?
True
Is 58411 prime?
True
Is 116131 a prime number?
True
Is 51581 prime?
True
Is 966809 a composite number?
True
Is 10037 composite?
False
Is 861682 prime?
False
Is 9491 a composite number?
False
Is 264463 a composite number?
False
Is 56113 a composite number?
False
Is 1244173 a composite number?
True
Is 1639577 a prime number?
True
Is 492641 a prime number?
True
Is 3437 prime?
False
Is 18355 composite?
True
Is 28869 composite?
True
Is 11747 composite?
True
Is 815 a composite number?
True
Is 67627 a prime number?
False
Is 332687 composite?
False
Is 110771 prime?
True
Is 7717 a composite number?
False
Is 652721 composite?
True
Is 82993 a prime number?
False
Is 122201 composite?
False
Is 8791 composite?
True
Is 60707 composite?
True
Is 1888031 a prime number?
True
Is 54829 prime?
True
Is 675643 a prime number?
True
Is 238519 composite?
False
Is 479 prime?
True
Is 3155 a prime number?
False
Is 1433251 a composite number?
False
Is 137957 prime?
True
Is 64901 a prime number?
True
Is 216417 a prime number?
False
Is 45217 prime?
False
Is 4471 composite?
True
Is 55967 a prime number?
True
Is 650213 composite?
False
Is 68137 composite?
True
Is 1949 composite?
False
Is 1077563 a composite number?
False
Is 58309 composite?
False
Is 5545 a composite number?
True
Is 1763 a prime number?
False
Is 15746 a prime number?
False
Is 273809 a prime number?
False
Is 18251 a prime number?
True
Is 11591 a prime number?
False
Is 211997 a composite number?
False
Is 16817 prime?
False
Is 1782061 composite?
False
Is 29807 a prime number?
False
Is 3409 composite?
True
Is 140033 a composite number?
True
Is 1391657 a composite number?
True
Is 153773 composite?
True
Is 787 composite?
False
Is 6043 composite?
False
Is 5227 a prime number?
True
Is 11351 composite?
False
Is 431399 prime?
True
Is 365341 a composite number?
True
Is 262853 a prime number?
True
Is 600007 prime?
False
Is 972467 a prime number?
False
Is 17047 composite?
False
Is 879 a composite number?
True
Is 89797 composite?
False
Is 8923 a prime number?
True
Is 34171 composite?
False
Is 13577 prime?
True
Is 94739 a composite number?
True
Is 129049 prime?
True
Is 9719 a composite number?
False
Is 877 a prime number?
True
Is 3653 prime?
False
Is 1823 a composite number?
False
Is 258179 prime?
False
Is 15231 composite?
True
Is 38219 prime?
True
Is 29347 a prime number?
True
Is 35797 a composite number?
False
Is 1042 a prime number?
False
Is 448957 prime?
False
Is 648883 composite?
True
Is 11027 a prime number?
True
Is 29483 a prime number?
True
Is 5779 a composite number?
False
Is 530389 a prime number?
True
Is 15103 a composite number?
True
Is 15955 composite?
True
Is 9409 a prime number?
False
Is 18839 prime?
True
Is 128671 prime?
False
Is 1249793 prime?
False
Is 21257 composite?
True
Is 210709 composite?
False
Is 32491 composite?
False
Is 1804129 composite?
False
Is 270029 composite?
False
Is 2222957 prime?
False
Is 46747 a prime number?
True
Is 8422 a composite number?
True
Is 37579 prime?
True
Is 386761 prime?
False
Is 1171 a prime number?
True
Is 4685 prime?
False
Is 7069 prime?
True
Is 2719 a composite number?
False
Is 53255 a composite number?
True
Is 84557 a prime number?
False
Is 1043 a prime number?
False
Is 5437 a composite number?
False
Is 21677 composite?
True
Is 352511 a composite number?
False
Is 65567 composite?
True
Is 197399 a prime number?
False
Is 13943 a composite number?
True
Is 1671757 a prime number?
True
Is 4241 a composite number?
False
Is 2714903 a composite number?
False
Is 41719 a prime number?
True
Is 609743 a composite number?
False
Is 1217131 a prime number?
True
Is 4985 a composite number?
True
Is 687 composite?
True
Is 1000081 a composite number?
False
Is 7817 prime?
True
Is 149 composite?
False
Is 45007 composite?
False
Is 232621 a prime number?
True
Is 2857 a composite number?
False
Is 50989 a prime number?
True
Is 6663 composite?
True
Is 52814 a composite number?
True
Is 16367 a composite number?
True
Is 542293 a prime number?
True
Is 413823 a composite number?
True
Is 23251 a composite number?
False
Is 263531 a composite number?
True
Is 12401 a prime number?
True
Is 13609 composite?
True
Is 3739 prime?
True
Is 1973 prime?
True
Is 67103 a composite number?
False
Is 78878 a prime number?
False
Is 1749697 a composite number?
False
Is 28873 a composite number?
True
Is 86539 prime?
True
Is 13571 a prime number?
False
Is 23461 prime?
False
Is 28873 a prime number?
False
Is 533449 a prime number?
False
Is 99103 a prime number?
True
Is 30971 prime?
True
Is 324743 prime?
True
Is 49505 prime?
False
Is 22381 prime?
True
Is 89363 a prime number?
True
Is 26083 a prime number?
True
Is 7993 prime?
True
Is 87663 a composite number?
True
Is 309 prime?
False
Is 2021 a composite number?
True
Is 55829 composite?
False
Is 38543 composite?
False
Is 618823 a prime number?
True
Is 151945 prime?
False
Is 557231 a composite number?
True
Is 71119 a composite number?
False
Is 2144437 a composite number?
False
Is 6088627 composite?
False
Is 587689 composite?
True
Is 28745 a composite number?
True
Is 6271 a composite number?
False
Is 307711 a composite number?
False
Is 113521 a composite number?
True
Is 24637 composite?
True
Is 24997 composite?
True
Is 463283 composite?
False
Is 11369 a prime number?
True
Is 3722 prime?
False
Is 701 a composite number?
False
Is 34949 composite?
False
Is 770163 prime?
False
Is 371765 prime?
False
Is 14169 prime?
False
Is 379811 composite?
False
Is 460639 a composite number?
True
Is 321019 prime?
False
Is 38666 composite?
True
Is 4547 prime?
True
Is 81059 a composite number?
True
Is 102509 a composite number?
True
Is 109 a prime number?
True
Is 4391 prime?
True
Is 35099 prime?
True
Is 25819 composite?
False
Is 71011 a prime number?
True
Is 1994 a composite number?
True
Is 447 composite?
True
Is 71429 a composite number?
False
Is 449615 prime?
False
Is 6023 composite?
True
Is 100918 prime?
False
Is 58381 a prime number?
False
Is 6253859 a composite number?
False
Is 99431 a prime number?
True
Is 73259 a prime number?
True
Is 77753 a composite number?
True
Is 109207 prime?
False
Is 768301 a composite number?
False
Is 38669 composite?
False
Is 1061 prime?
True
Is 157457 prime?
True
Is 111721 a composite number?
False
Is 55847 prime?
False
Is 33758 prime?
False
Is 707 a composite number?
True
Is 34399 prime?
False
Is 568523 prime?
True
Is 4201 a composite number?
False
Is 2861 a composite number?
False
Is 383573 composite?
False
Is 625315 a composite number?
True
Is 806057 prime?
False
Is 147365 composite?
True
Is 96771 a composite number?
True
Is 23234 a composite number?
True
Is 5219 a prime number?
False
Is 61445 a composite number?
True
Is 229583 composite?
False
Is 75097 composite?
True
Is 10727 composite?
True
Is 77951 composite?
False
Is 79505 a prime number?
False
Is 411349 prime?
False
Is 14689 composite?
True
Is 511121 prime?
False
Is 16129 a prime number?
False
Is 138055 a pri